67700 a multiple of 348?
False
Does 21 divide 33327?
True
Does 95 divide 502398?
False
Does 5 divide 9133?
False
Is 923765 a multiple of 524?
False
Does 28 divide 415604?
True
Is 9 a factor of 8969?
False
Does 113 divide 1802518?
False
Does 208 divide 502387?
False
Is 1358 a factor of 3942274?
True
Is 15653 a multiple of 19?
False
Does 4 divide 118600?
True
Is 746 a factor of 70870?
True
Does 257 divide 23780?
False
Does 36 divide 26024083?
False
Is 50 a factor of 193850?
True
Does 290 divide 4635360?
True
Is 572390 a multiple of 170?
True
Is 2149513 a multiple of 809?
True
Is 24 a factor of 3237312?
True
Is 136 a factor of 15025008?
True
Does 79 divide 9717?
True
Does 316 divide 962523?
False
Is 55 a factor of 429251?
False
Is 7355200 a multiple of 4?
True
Is 35 a factor of 2830894?
False
Does 14 divide 155722?
True
Is 74 a factor of 1277090?
False
Is 133959 a multiple of 17?
False
Is 161 a factor of 2707537?
True
Is 72285 a multiple of 27?
False
Does 10 divide 34638?
False
Is 554 a factor of 2025424?
True
Does 13 divide 286422?
False
Is 18 a factor of 96260?
False
Is 650 a factor of 959822?
False
Is 765496 a multiple of 824?
True
Is 463079 a multiple of 276?
False
Is 15479128 a multiple of 37?
False
Does 12 divide 303571?
False
Is 71 a factor of 4771697?
True
Is 30 a factor of 256110?
True
Does 42 divide 1719102?
True
Is 12 a factor of 14182?
False
Is 21 a factor of 11923868?
False
Does 118 divide 4206394?
False
Does 351 divide 6019858?
False
Is 468181 a multiple of 118?
False
Does 14 divide 15160?
False
Is 213434 a multiple of 108?
False
Is 256658 a multiple of 25?
False
Is 313276 a multiple of 17?
True
Is 47 a factor of 924446?
False
Does 2 divide 388193?
False
Is 8898833 a multiple of 253?
False
Is 91 a factor of 1042?
False
Does 208 divide 8498256?
True
Is 106 a factor of 44723?
False
Is 24795 a multiple of 95?
True
Is 137 a factor of 118136?
False
Is 23 a factor of 912893?
True
Is 17 a factor of 373083?
False
Does 8 divide 154868?
False
Is 15 a factor of 1001616?
False
Does 1962 divide 4428957?
False
Does 29 divide 139432?
True
Does 4 divide 1017188?
True
Does 126 divide 595482?
False
Is 868065 a multiple of 33?
True
Is 2050736 a multiple of 16?
True
Is 37 a factor of 108669?
True
Does 309 divide 107841?
True
Is 19299714 a multiple of 966?
True
Is 15080 a multiple of 580?
True
Is 950592 a multiple of 178?
False
Is 75776 a multiple of 35?
False
Is 442797 a multiple of 103?
True
Is 531067 a multiple of 2?
False
Does 76 divide 132763?
False
Is 186 a factor of 12246449?
False
Is 236 a factor of 5723746?
False
Is 31 a factor of 2279577?
False
Is 18446092 a multiple of 161?
True
Is 40 a factor of 588520?
True
Does 1220 divide 17470341?
False
Is 13381558 a multiple of 28?
False
Does 111 divide 50840?
False
Is 4688565 a multiple of 21?
True
Does 156 divide 65520?
True
Is 307642 a multiple of 797?
True
Is 6488136 a multiple of 36?
True
Is 6976452 a multiple of 187?
False
Does 4 divide 52972?
True
Does 54 divide 782514?
True
Is 43095 a multiple of 17?
True
Is 311 a factor of 380543?
False
Is 19 a factor of 51167?
True
Is 597567 a multiple of 107?
False
Does 278 divide 7428209?
False
Does 10 divide 225760?
True
Does 278 divide 164576?
True
Is 105586 a multiple of 2?
True
Does 24 divide 116448?
True
Is 541822 a multiple of 160?
False
Is 601 a factor of 1486751?
False
Is 112 a factor of 3875806?
False
Is 190 a factor of 690608?
False
Is 104301 a multiple of 622?
False
Is 482581 a multiple of 39?
False
Is 88049 a multiple of 279?
False
Is 4672746 a multiple of 30?
False
Is 79837 a multiple of 132?
False
Is 33 a factor of 1807072?
False
Does 183 divide 1768542?
False
Is 13424 a multiple of 16?
True
Is 22 a factor of 216942?
True
Is 119 a factor of 3123631?
True
Is 112428 a multiple of 108?
True
Does 21 divide 293517?
True
Is 2089 a factor of 11522650?
False
Is 391509 a multiple of 13?
False
Is 15 a factor of 21767?
False
Is 1237084 a multiple of 4?
True
Does 271 divide 108942?
True
Is 6944597 a multiple of 168?
False
Does 20 divide 559924?
False
Is 3816369 a multiple of 27?
True
Does 21 divide 980196?
True
Is 565248 a multiple of 736?
True
Is 1324 a factor of 598326?
False
Is 933 a factor of 4763224?
False
Is 453786 a multiple of 18?
False
Is 631877 a multiple of 13?
False
Does 36 divide 461989?
False
Is 186064 a multiple of 213?
False
Does 9 divide 175198?
False
Does 6 divide 7932?
True
Is 19 a factor of 4014171?
False
Is 3635058 a multiple of 7?
True
Does 55 divide 11330?
True
Is 58 a factor of 299338?
True
Does 19 divide 8569175?
False
Is 77 a factor of 921211?
False
Is 465752 a multiple of 17?
False
Does 88 divide 562890?
False
Does 352 divide 234080?
True
Does 3 divide 332265?
True
Is 275 a factor of 86423?
False
Is 1044420 a multiple of 103?
True
Is 4249745 a multiple of 85?
True
Is 3 a factor of 360574?
False
Does 638 divide 209902?
True
Does 36 divide 828090?
False
Is 26 a factor of 179192?
True
Does 123 divide 6708134?
False
Does 20 divide 635311?
False
Does 11 divide 760628?
True
Is 57519 a multiple of 127?
False
Does 71 divide 6020516?
True
Does 2 divide 232232?
True
Is 48 a factor of 98207?
False
Is 1183220 a multiple of 268?
True
Does 20 divide 59040?
True
Is 46881 a multiple of 7?
False
Does 42 divide 341112?
False
Is 36120 a multiple of 22?
False
Does 6 divide 221454?
True
Is 10 a factor of 292521?
False
Is 565525 a multiple of 721?
False
Is 961462 a multiple of 102?
False
Does 12 divide 90276?
True
Does 22 divide 149622?
True
Is 414 a factor of 1007676?
True
Is 11589046 a multiple of 262?
True
Is 1276020 a multiple of 60?
True
Is 623 a factor of 342027?
True
Does 22 divide 58684?
False
Is 15595531 a multiple of 44?
False
Does 16 divide 75984?
True
Does 90 divide 91560?
False
Does 24 divide 15552?
True
Is 401 a factor of 226565?
True
Is 484629 a multiple of 3?
True
Is 1752692 a multiple of 58?
False
Is 248136 a multiple of 14?
True
Is 157503 a multiple of 28?
False
Does 100 divide 4265200?
True
Is 2 a factor of 2039623?
False
Does 60 divide 120511?
False
Is 36 a factor of 88632?
True
Is 587 a factor of 63396?
True
Is 536475 a multiple of 933?
True
Is 104520 a multiple of 268?
True
Is 64 a factor of 478464?
True
Is 823640 a multiple of 8?
True
Does 79 divide 87757?
False
Is 1067130 a multiple of 10?
True
Is 19 a factor of 138619?
False
Is 14 a factor of 329459?
False
Is 8 a factor of 8190?
False
Is 1033349 a multiple of 45?
False
Does 36 divide 95724?
True
Is 1328 a factor of 9061726?
False
Is 869 a factor of 10776173?
False
Is 969650 a multiple of 11?
True
Does 40 divide 7663720?
True
Is 39 a factor of 623532?
True
Is 166110 a multiple of 5?
True
Is 56 a factor of 212912?
True
Is 287912 a multiple of 235?
False
Is 659 a factor of 1416191?
True
Does 339 divide 1212264?
True
Is 14362048 a multiple of 643?
True
Is 146 a factor of 258712?
True
Is 160331 a multiple of 12?
False
Does 5 divide 180760?
True
Does 24 divide 705884?
False
Is 2 a factor of 186731?
False
Does 6 divide 2480448?
True
Does 42 divide 534282?
True
Is 397312 a multiple of 16?
True
Is 64 a factor of 7424722?
False
Does 541 divide 171080?
False
Does 5 divide 2025852?
False
Is 20 a factor of 3134244?
False
Is 1551 a factor of 5834862?
True
Does 21 divide 1214605?
False
Is 13 a factor of 19770586?
False
Is 9774 a multiple of 9?
True
Is 260655 a multiple of 160?
False
Is 6 a factor of 483072?
True
Is 265140 a multiple of 36?
True
Is 125054 a multiple of 31?
True
Is 33 a factor of 21912?
True
Does 86 divide 112309?
False
Does 8 divide 2092360?
True
Does 513 divide 272880?
False
Is 118478 a multiple of 4?
False
Does 3 divide 23740?
False
Is 56 a factor of 1128900?
False
Is 1215891 a multiple of 524?
False
Is 382826 a multiple of 53?
False
Is 252760 a multiple of 284?
True
Is 13941980 a multiple of 26?
True
Does 117 divide 150579?
True
Does 7 divide 265283?
False
Does 256 divide 221440?
True
Is 26560 a multiple of 40?
True
Is 17534095 a multiple of 413?
False
Is 330 a factor of 2933263?
False
Is 34 a factor of 210273?
False
Is 588 a factor of 3897852?
True
Is 38 a factor of 582748?
False
Is 221 a factor of 301391?
False
Is 16 a factor of 717861?
False
Is 20477580 a multiple of 384?
False
Does 262 divide 1377334?
True
Is 77 a factor of 623128?
False
Does 14 divide 14876?
Fals